{"id":15,"date":"2015-09-24T13:38:06","date_gmt":"2015-09-24T13:38:06","guid":{"rendered":"http:\/\/preciouscats.net\/nipsu-nappulan\/?page_id=15"},"modified":"2025-12-15T00:16:21","modified_gmt":"2025-12-14T22:16:21","slug":"etusivu","status":"publish","type":"page","link":"https:\/\/preciouscats.net\/nipsu-nappulan\/","title":{"rendered":"Frontpage"},"content":{"rendered":"<h2 style=\"text-align: center;\">Tervetuloa kotisivuillemme!<\/h2>\n<h2 style=\"text-align: center;\">Welcome to our homepage!<\/h2>\n<h2 style=\"text-align: center;\"><span style=\"color: #99cc00;\"><img loading=\"lazy\" decoding=\"async\" class=\"alignnone wp-image-1433 size-full\" src=\"http:\/\/preciouscats.net\/nipsu-nappulan\/wp-content\/uploads\/2015\/09\/koriste-1.gif\" alt=\"koriste\" width=\"126\" height=\"48\" srcset=\"https:\/\/preciouscats.net\/nipsu-nappulan\/wp-content\/uploads\/2015\/09\/koriste-1.gif 126w, https:\/\/preciouscats.net\/nipsu-nappulan\/wp-content\/uploads\/2015\/09\/koriste-1-125x48.gif 125w\" sizes=\"auto, (max-width: 126px) 100vw, 126px\" \/><\/span><span style=\"color: #99cc00;\"><a href=\"https:\/\/preciouscats.net\/nipsu-nappulan\/wp-content\/uploads\/2025\/12\/DSC_2171.jpg\"><img loading=\"lazy\" decoding=\"async\" class=\"aligncenter wp-image-3502 size-large\" src=\"https:\/\/preciouscats.net\/nipsu-nappulan\/wp-content\/uploads\/2025\/12\/DSC_2171-1024x683.jpg\" alt=\"\" width=\"900\" height=\"600\" srcset=\"https:\/\/preciouscats.net\/nipsu-nappulan\/wp-content\/uploads\/2025\/12\/DSC_2171-1024x683.jpg 1024w, https:\/\/preciouscats.net\/nipsu-nappulan\/wp-content\/uploads\/2025\/12\/DSC_2171-300x200.jpg 300w, https:\/\/preciouscats.net\/nipsu-nappulan\/wp-content\/uploads\/2025\/12\/DSC_2171-768x512.jpg 768w, https:\/\/preciouscats.net\/nipsu-nappulan\/wp-content\/uploads\/2025\/12\/DSC_2171-1536x1024.jpg 1536w, https:\/\/preciouscats.net\/nipsu-nappulan\/wp-content\/uploads\/2025\/12\/DSC_2171-150x100.jpg 150w, https:\/\/preciouscats.net\/nipsu-nappulan\/wp-content\/uploads\/2025\/12\/DSC_2171.jpg 1600w\" sizes=\"auto, (max-width: 900px) 100vw, 900px\" \/><\/a><img loading=\"lazy\" decoding=\"async\" class=\"aligncenter wp-image-1433 size-full\" src=\"http:\/\/preciouscats.net\/nipsu-nappulan\/wp-content\/uploads\/2015\/09\/koriste-1.gif\" alt=\"koriste\" width=\"126\" height=\"48\" srcset=\"https:\/\/preciouscats.net\/nipsu-nappulan\/wp-content\/uploads\/2015\/09\/koriste-1.gif 126w, https:\/\/preciouscats.net\/nipsu-nappulan\/wp-content\/uploads\/2015\/09\/koriste-1-125x48.gif 125w\" sizes=\"auto, (max-width: 126px) 100vw, 126px\" \/><\/span><\/h2>\n<p style=\"text-align: center;\"><a href=\"http:\/\/preciouscats.net\/nipsu-nappulan\/pennut\/varattavissa\/\">Meill\u00e4 on 13.10.2025 syntyneit\u00e4 norjalaisen mets\u00e4kissan pentuja!<\/a><\/p>\n<p style=\"text-align: center;\"><a href=\"http:\/\/preciouscats.net\/nipsu-nappulan\/pennut\/varattavissa\/\">We have Norwegian Forest Cat kittens!\u00a0<\/a><\/p>\n<h2 style=\"text-align: center;\"><span style=\"color: #99cc00;\"><img loading=\"lazy\" decoding=\"async\" class=\"alignnone wp-image-1433 size-full\" src=\"http:\/\/preciouscats.net\/nipsu-nappulan\/wp-content\/uploads\/2015\/09\/koriste-1.gif\" alt=\"koriste\" width=\"126\" height=\"48\" srcset=\"https:\/\/preciouscats.net\/nipsu-nappulan\/wp-content\/uploads\/2015\/09\/koriste-1.gif 126w, https:\/\/preciouscats.net\/nipsu-nappulan\/wp-content\/uploads\/2015\/09\/koriste-1-125x48.gif 125w\" sizes=\"auto, (max-width: 126px) 100vw, 126px\" \/><\/span><\/h2>\n<p style=\"text-align: center;\">Niina Kokki<br \/>\nSiuntio, Finland<\/p>\n<h2 style=\"text-align: center;\"><span style=\"color: #99cc00;\"><img loading=\"lazy\" decoding=\"async\" class=\"alignnone wp-image-1433 size-full\" src=\"http:\/\/preciouscats.net\/nipsu-nappulan\/wp-content\/uploads\/2015\/09\/koriste-1.gif\" alt=\"koriste\" width=\"126\" height=\"48\" srcset=\"https:\/\/preciouscats.net\/nipsu-nappulan\/wp-content\/uploads\/2015\/09\/koriste-1.gif 126w, https:\/\/preciouscats.net\/nipsu-nappulan\/wp-content\/uploads\/2015\/09\/koriste-1-125x48.gif 125w\" sizes=\"auto, (max-width: 126px) 100vw, 126px\" \/><\/span><\/h2>\n","protected":false},"excerpt":{"rendered":"<p>Tervetuloa kotisivuillemme! Welcome to our homepage! Meill\u00e4 on 13.10.2025 syntyneit\u00e4 norjalaisen mets\u00e4kissan pentuja! We have Norwegian Forest Cat kittens!\u00a0 Niina Kokki Siuntio, Finland<\/p>\n<p> <a class=\"continue-reading-link\" href=\"https:\/\/preciouscats.net\/nipsu-nappulan\/\"><span>Jatka lukemista<\/span><i class=\"crycon-right-dir\"><\/i><\/a> <\/p>\n","protected":false},"author":5,"featured_media":0,"parent":0,"menu_order":0,"comment_status":"closed","ping_status":"closed","template":"","meta":{"footnotes":""},"class_list":["post-15","page","type-page","status-publish","hentry"],"_links":{"self":[{"href":"https:\/\/preciouscats.net\/nipsu-nappulan\/wp-json\/wp\/v2\/pages\/15","targetHints":{"allow":["GET"]}}],"collection":[{"href":"https:\/\/preciouscats.net\/nipsu-nappulan\/wp-json\/wp\/v2\/pages"}],"about":[{"href":"https:\/\/preciouscats.net\/nipsu-nappulan\/wp-json\/wp\/v2\/types\/page"}],"author":[{"embeddable":true,"href":"https:\/\/preciouscats.net\/nipsu-nappulan\/wp-json\/wp\/v2\/users\/5"}],"replies":[{"embeddable":true,"href":"https:\/\/preciouscats.net\/nipsu-nappulan\/wp-json\/wp\/v2\/comments?post=15"}],"version-history":[{"count":31,"href":"https:\/\/preciouscats.net\/nipsu-nappulan\/wp-json\/wp\/v2\/pages\/15\/revisions"}],"predecessor-version":[{"id":3506,"href":"https:\/\/preciouscats.net\/nipsu-nappulan\/wp-json\/wp\/v2\/pages\/15\/revisions\/3506"}],"wp:attachment":[{"href":"https:\/\/preciouscats.net\/nipsu-nappulan\/wp-json\/wp\/v2\/media?parent=15"}],"curies":[{"name":"wp","href":"https:\/\/api.w.org\/{rel}","templated":true}]}}